3*6*4/v. Let j = x + -2. What is the units digit of j?
0
Let l = 31 + -16. What is the tens digit of l?
1
Suppose -l - 3839 = -12*l. What is the tens digit of l?
4
Let l(g) = -g**2 - 9*g - 4. Let i(m) = 41*m**3 - m. Let n be i(1). Suppose 4*a = 2*t - n, a - 3*t = -2*t - 12. What is the units digit of l(a)?
4
Suppose -2*r + 99 = 3*m, 4*r - 3*m = -0*m + 189. What is the units digit of r?
8
Let q(c) = c**3 - 15*c**2 - 4. What is the tens digit of q(16)?
5
Let z = 9 + -8. Suppose q = -5*s - 0*s + z, q - 5*s = 31. What is the tens digit of q?
1
Let l be 1 - (3 - -2) - -25. What is the tens digit of (3 - (0 - 0)) + l?
2
Suppose -6*u = -2*u - 24. Let b be (-28)/(-6) - (-2)/u. Suppose -b*o - 10 = -5*d, 4*o + 5 = 2*d + d. What is the units digit of d?
3
Let p = 8 - 4. What is the units digit of p?
4
What is the units digit of ((3 - 2) + 8)/((-1)/(-1))?
9
What is the units digit of 3 + (-3)/(0 - 1)?
6
Let u(k) = 5*k**2 - 12*k + 15. What is the hundreds digit of u(7)?
1
Suppose -g - 3*g = 3*d - 487, -4*d = 2*g - 656. What is the units digit of d?
5
What is the tens digit of (-2)/2*(-2)/(-4)*-158?
7
Suppose 3*a + 1 = -4*x + 3*x, 0 = 4*a - 4*x + 28. Let p(u) = -6*u**3 - 2*u**2 + 3*u + 3. What is the tens digit of p(a)?
3
Let d(t) = -9*t - 13. Let o be (-57)/11 - (-2)/11. What is the units digit of d(o)?
2
Suppose 4*z + 22 = 54. Let q be 14/8 + 2/z. What is the units digit of q*(14/4 - 1)?
5
Let i = -21 - -34. What is the units digit of i?
3
Suppose -2*l - 4 = 0, -u - 5*l + 1495 = 4*u. What is the hundreds digit of u?
3
Let r(s) = s + 60. Let q be r(0). Suppose -b + 2*b = -4*z + q, 0 = -4*z - 5*b + 60. What is the units digit of z?
5
Suppose -4*o = 5*t - 2*t - 39, 3*o - 25 = 2*t. Suppose -y - 23 = -u - 2*u, -3*y - o = u. What is the units digit of u?
6
What is the hundreds digit of (-2 - 141)/(4 - 5)?
1
Let b(j) = -21*j + 2. Let v(k) = 21*k - 2. Let h(w) = -5*b(w) - 4*v(w). Let q be h(2). Suppose 2*s + 3*d = q - 7, -2*s + 29 = -d. What is the tens digit of s?
1
Let r = -55 - -80. Let w = r - 7. What is the tens digit of w?
1
Suppose -2*q + 413 - 69 = 0. What is the tens digit of q?
7
Let q(g) = g**3 - 2*g**2 - 14*g - 10. What is the units digit of q(7)?
7
Let q(v) = -15*v - 3. Let o(i) = i - 5. Let a be o(3). What is the tens digit of q(a)?
2
Let t(a) = -18*a. Suppose 0 = y - 4*z - 14, 2*y = -y - z - 10. Let r be t(y). Suppose -3*j = 5*v - 49, 2*j = -v - 3*v + r. What is the units digit of j?
8
Suppose 7*v = 12*v - 215. What is the tens digit of v?
4
Let f(o) = 2*o**3 - o**2 - 4*o - 3. Let y be f(-2). Let a be y/(-3)*(-2)/2. What is the units digit of (12/(-10))/(2/a)?
3
Let r(i) = 6*i**2 - 6*i + 7. What is the units digit of r(4)?
9
Let z = -34 - -22. What is the tens digit of -3 - (-3 + z - -1)?
1
Let i = 20 - 8. Suppose t = -t + i. What is the units digit of t?
6
Let r be 12/(3 - 3/2). Suppose -3*v + 4 = -5. Suppose b = 2*f + v, 3 - r = -b. What is the units digit of f?
1
Let n(u) be the first derivative of 1 + 0*u**2 - 1/3*u**3 + 6*u. What is the units digit of n(0)?
6
Suppose -5*i + 5*o - 28 = -573, 0 = 3*i - 2*o - 323. What is the units digit of i?
5
Let i be (-27)/9*-1*1. Suppose -v + 5 + 9 = n, -2*v + i*n = -13. What is the tens digit of v?
1
Suppose -7*v = 6*v - 78. What is the units digit of v?
6
Suppose 0 = -5*w + 211 - 16. What is the tens digit of 6/24 + w/4?
1
Let z be 0 + -5 - -2 - -26. Let d = 41 - z. What is the units digit of d?
8
Suppose -35 = -5*b + 180. What is the tens digit of b?
4
Suppose z = -3*t + 6, 3*t + t - 3 = -3*z. Suppose 8 + 1 = -3*u, -2*y - t*u = 5. Let n = y + 2. What is the units digit of n?
4
Suppose 245 = 7*z - 217. What is the units digit of z?
6
Suppose 2*z - 132 = 36. What is the units digit of z?
4
Let z = -7 - -10. Suppose 36 = 5*b - x - z*x, -x = 4*b - 12. Suppose o + 0 = b. What is the units digit of o?
4
Let n(s) = -s**3 + 6*s**2 - 5*s + 3. Let r be n(4). Let o = -12 + r. What is the units digit of o?
3
Suppose 3*u - 13 = -5*b, -2*b + 4*u + 41 = 3*b. Suppose 3*p - p + 3*a = 52, 2*p - b*a - 52 = 0. What is the tens digit of p?
2
Suppose 11 + 27 = o. Let v = o + 6. What is the tens digit of v?
4
Suppose -5*c = -5*g + 262 + 73, 0 = 4*g + 3*c - 233. What is the units digit of g?
2
Suppose 10*t - 2*t - 2216 = 0. What is the units digit of t?
7
Let r = 268 + -177. What is the tens digit of r?
9
Let t(i) = i + 2. Let x be t(-11). Let d = x + 21. What is the units digit of d?
2
Suppose 0 = -24*v + 20*v + 20. What is the units digit of v?
5
Let z be ((-1)/((-1)/(-19)))/(-1). Let r = z + -10. What is the units digit of r?
9
What is the units digit of (-5250)/(-18) + 6/(-9) + 1?
2
Suppose -24 = -q + 3*g, 3*q - 67 = 4*g - 0*g. What is the units digit of q?
1
Let j = -76 + 97. What is the tens digit of j?
2
Suppose 0 = -8*y + 12*y - 356. Suppose y = 5*q + u, 4*u = -3*q - q + 68. What is the units digit of q?
8
What is the units digit of (-2198)/(-12) - 6*(-5)/(-180)?
3
Suppose -3*b - 105 = -15. What is the units digit of (b - -4)*(-1)/2?
3
Suppose 0*c = 4*c + 12, 3*i - 444 = 5*c. What is the tens digit of i?
4
What is the tens digit of (-3)/4 - 254/(-8)?
3
Suppose 183 = 3*c - 3*d, -3*d = 2*c + 2*c - 265. What is the units digit of c?
4
Let k(m) = 6*m + 6. What is the units digit of k(8)?
4
Let h(w) = 2*w**2 + w - 9. Let x(o) = -4*o**2 - 2*o + 19. Let y(v) = 13*h(v) + 6*x(v). Let z(a) = -a**3 - a - 3. Let b be z(0). What is the tens digit of y(b)?
1
Suppose -4 = 3*l - l. Let x = 9 - l. What is the tens digit of x?
1
Let p = -19 - -4. Let i = p + 24. What is the units digit of i?
9
Let d = 41 - -6. Suppose 2*p - 4*p - 5*f = -d, 205 = 5*p - 5*f. What is the units digit of p?
6
Suppose 112 = 11*r - 3*r. What is the units digit of r?
4
Let j = -9 + 24. Suppose -f + 6*f = j. What is the units digit of f - (-3 - 14/2)?
3
Suppose -4*t + 14 = w, -4*w = 4*t - 10 + 2. Let u(n) = -5*n. Let o(a) = -4*a - 1. Let x(v) = t*o(v) - 3*u(v). What is the units digit of x(-9)?
5
Let s = 125 - 109. What is the tens digit of s?
1
Suppose -2*c + 2*w + 17 = 3*c, -4*w - 4 = 0. Suppose -5 = -c*b + 2*k, -b - 3*k = -7*k + 15. What is the units digit of b?
5
Let l(k) = 2*k**2 - k + 1. Let p be l(3). Suppose -3*b - 8 + 20 = 0. Suppose 44 = 5*w - 4*n, 11 + p = b*w + 5*n. What is the units digit of w?
8
Suppose 0 = 2*y + 3*y - 10, 3*z + 4*y - 131 = 0. Let d = -25 + z. What is the units digit of d?
6
Let a(y) = -14*y - 12. Let s be a(-5). Suppose -5*u - p + s = -u, 2*p - 46 = -3*u. What is the tens digit of u?
1
What is the tens digit of 123*((-16)/(-6) + -2)?
8
Suppose -w - 4*o + 35 = -8, 0 = w - 3*o - 8. What is the units digit of w?
3
Let r(f) = -15*f - 15. What is the tens digit of r(-6)?
7
Let a(f) = -f**2 - 7*f + 10. Suppose -k + 6 = k. Suppose 3*m = 2*x + 29, 3 = -2*x + k*x + 2*m. What is the tens digit of a(x)?
1
Suppose 3*l = -l. Suppose l = 3*u - 5*u + 2. What is the units digit of u?
1
Let u = 655 - 1143. What is the units digit of (-4)/10 - u/20?
4
Suppose -2*t + 5 = -5. Suppose -v - v - 62 = -t*f, -f = -v - 10. What is the tens digit of f?
1
Let q(o) = -5*o + 3. Suppose 0 = 5*h + 2 + 18. Let l be q(h). Suppose 2 = 5*c - l. What is the units digit of c?
5
Let x = -11 + 17. Let i(v) = v**2 + 4*v**2 - x*v**2 + 4 - 6*v. What is the units digit of i(-4)?
2
Let d(n) = 5 + 0 - 2 - 2*n + 3*n. Let a be d(8). What is the tens digit of a/5*(0 + 5)?
1
Suppose -m = 3*r - 390, 247 + 274 = 4*r + m. What is the tens digit of r?
3
Suppose 0 = 2*m + 3*m - 180. What is the units digit of m?
6
Suppose 0*x + x - 4 = 0. Suppose -2*d = -5*z - 4*d + 31, -z - 2*d + 11 = 0. Let k = z - x. What is the units digit of k?
1
Let t = -259 - -420. What is the tens digit of t?
6
Let g(p) = -3*p**2 - 6*p - 7. Let f be g(-6). What is the units digit of f/(-3) - 4/(-6)?
7
Let g = 3 + 0. Let i(p) be the third derivative of p**6/120 - p**5/30 + p**4/8 - p**3/3 - 5*p**2. What is the units digit of i(g)?
6
Suppose 3*y + z - 13 = 0, -3*z - 26 = -4*y - 0*z. Let q = -3 + y. Suppose 0*u = -2*u + q. What is the units digit of u?
1
Let x(i) be the second derivative of 3*i**5/20 + i**4/12 - i**3/2 - i**2 - i. Let q be x(-2). What is the units digit of ((-1)/2)/(1/q)?
8
Let i = 5 + -3. Suppose c + 3*c = -3*j + 26, 2*c - 4*j - i = 0. What is the units digit of c?
5
Let z = 198 + -110. What 